625. List the prime factors of z.
2, 5, 127
Let k be (-2)/3*45/(-10). Suppose -2*v = k*d + 20, -9 = 3*v - d + 10. What are the prime factors of (3 + 1)/((21/(-78))/v)?
2, 13
Suppose -49*p = -171*p + 4115824 - 1012998. List the prime factors of p.
29, 877
Let o(j) = 591*j**2 + 47*j + 58. What are the prime factors of o(6)?
2, 7, 193
Suppose -4*k + 19 = 5*l, 3*l + 5 - 15 = -k. Suppose 3*d = 5*d + 4*s - 248, 3*d = -l*s + 378. List the prime factors of d.
2
Let p(d) = -d**3 + 16*d**2 - 23*d - 29. Let z(t) = -17*t + 14. Let o be z(0). What are the prime factors of p(o)?
41
Let l = 43 + -40. Suppose 5 = -l*p + 11. What are the prime factors of (4/(-6))/(1956/981 - p)?
109
List the prime factors of (0 - 2)*(-1710700)/200.
17107
Suppose -3*j + 7 = 2*l, -3*j + 9*l = 4*l + 7. Let t(o) = -150*o + 169*o - j - 4. What are the prime factors of t(6)?
109
Let x = 430 - 358. What are the prime factors of 119 - (294/x - 3/36)?
5, 23
Let r(i) = i**3 + 5*i**2 + 7*i - 10. Let p(z) = z**2 - 3*z - 5. Let v be p(-2). What are the prime factors of r(v)?
5, 11
Let d = -3630 + 6263. What are the prime factors of d/6 + 21/126?
439
Suppose 0 = -142*w + 143*w - 21880. List the prime factors of w.
2, 5, 547
Suppose -3441766 - 3090462 + 2547156 = -52*f. What are the prime factors of f?
2, 7, 17, 23
Let n(b) = -237*b - 6424. List the prime factors of n(-96).
2, 13, 157
Let n = 11275 - 7697. List the prime factors of n.
2, 1789
Let x(w) = w**3 - 25*w**2 - 42*w + 1. Let t be x(30). Suppose r = q + 1077, 5*r - q - t = 2*r. List the prime factors of r.
2, 541
Let i = -1174 - -4323. What are the prime factors of i?
47, 67
Let h(k) = -4*k**3 - 42*k**2 + 13*k + 21. Let m be h(-11). Let d = 28 - 12. List the prime factors of (-3364)/(-30) - d/m.
2, 7
Let m(x) = 41*x**3 + 4*x**2 - x - 4. Let u(s) = 122*s**3 + 11*s**2 - 3*s - 11. Let r(p) = 11*m(p) - 4*u(p). Let l = -5 + 4. What are the prime factors of r(l)?
2, 3
Let x be 1/(-1) + -9 + 4 + -199. Let m = x - -233. What are the prime factors of m?
2, 7
Suppose 8*w + 138*w - 735075 = 11*w. List the prime factors of w.
3, 5, 11
Let m = 4067 + -669. List the prime factors of m.
2, 1699
Let z(l) = -15*l + 40. Suppose 5*i = 2*v + 46, 3*v = -2*v + 3*i - 96. List the prime factors of z(v).
2, 5, 31
Suppose 0 = -2*y - 4 - 4. Let x be 1/y + 475/76. Suppose b - 130 = -4*l, 4*l = x*b - 5*b + 134. List the prime factors of l.
3, 11
Suppose -17*j + 14*j = 27. Let h(b) = -b**3 - 4*b**2 + 9*b + 25. What are the prime factors of h(j)?
349
Let f = 7626 + -5610. List the prime factors of f.
2, 3, 7
Suppose -3*y + 2*h = 8, -2*h = -2*y - 0*h - 2. Let b be (-8)/(-16) + (-9)/y. Suppose -5*t + 4*j + 825 = 0, -2*t - b*t = -2*j - 660. List the prime factors of t.
3, 5, 11
List the prime factors of (-9)/(-1) - (-21204 + 184).
17, 1237
Let b = 10 - 8. Suppose 3*k = 502 - 109. Suppose -n - b*r + k = 0, 0 = 4*n - 5*r + 2*r - 557. List the prime factors of n.
137
Let c be (550/(-30))/((-7)/(-63)). Let z be (-3)/(-12) + 2582/8. Let i = c + z. What are the prime factors of i?
2, 79
Let o(h) = -300*h. Let n = -66 - -64. What are the prime factors of o(n)?
2, 3, 5
Let l be ((-505)/2)/(9/(-18)) - 1. Let s = l + -256. Suppose 2*c - s = -2*c. List the prime factors of c.
2, 31
Let v be ((-4)/(-5))/(58/(-10295))*4. Let f = -363 - v. List the prime factors of f.
5, 41
Suppose 8*p - 5125 + 1773 = 0. Let c = p - -185. List the prime factors of c.
2, 151
Suppose -3*l - 1875 = -5*a, 4*a - 161*l - 1493 = -160*l. List the prime factors of a.
2, 3, 31
Let u(v) be the first derivative of 49*v**2/2 - 30*v + 3. Let h be u(6). What are the prime factors of (h/(-9))/(1/(-6) + 0)?
2, 11
Suppose 95*w - 50*w = 49*w - 32236. List the prime factors of w.
8059
Let m(w) = -w**3 + 23*w**2 - 23*w + 13. Let r be m(22). Let h(t) = -32*t - 41. List the prime factors of h(r).
13, 19
Suppose -2*n = -4*q - 161888, 711*n - 714*n - 3*q = -242778. List the prime factors of n.
2, 20233
Let d be ((-16)/(-18))/(-4) + (-173)/(-9). Suppose 5 + d = 8*l. Suppose 0 = -n + 2*n - l*v - 93, 5*n + 2*v - 482 = 0. What are the prime factors of n?
2, 3
Suppose 5*h + 12 - 92 = 0. Let x be h/(-56) - ((-1997)/7 - 2). Let s = 404 - x. List the prime factors of s.
3, 13
Suppose -255*t + 11384 = -253*t. What are the prime factors of t?
2, 1423
Let w(z) = 18*z**2 + 3*z - 4. Let m be w(1). Let v(f) = 81*f - 6. What are the prime factors of v(m)?
3, 457
Let b be 18 + ((-11)/11)/((-2)/(-10)). Suppose 2*c = n - 5, 0*c - 5*n = -4*c - 13. Let l = c + b. What are the prime factors of l?
11
Let y(k) = 5*k**2 - 367*k + 9. What are the prime factors of y(110)?
3, 7, 137
Let k be -2 + 3 + 11/(66/12). Suppose k*j = -3*m + 5151, -4*j - 3*m - 2813 = -9686. What are the prime factors of j?
2, 3, 7, 41
Let p be (-20)/(-6) - 31/93. Suppose p*d = 2*d - n + 264, 3*d + 4*n = 789. List the prime factors of d.
3, 89
Let m(w) = 203*w**2 + 6*w - 3. Let s be m(2). Let g = 1317 - s. List the prime factors of g.
2, 31
Let s = -13 + 48. Suppose 5*p - s = 40. Let y = p + 3. List the prime factors of y.
2, 3
Suppose -g = 4*o + 14 + 261, -3*o = 5*g + 1324. Let i = 479 + g. List the prime factors of i.
2, 3
Let t(o) = -o**2 - 24*o - 27. Let u be t(-20). Let w = u + -25. What are the prime factors of 16/w - 885/(-7)?
127
What are the prime factors of 32/(-416) - (-1204483)/91?
2, 3, 1103
Let v(i) = i**3 + 12*i**2 + 16*i - 4. Let d = -8 - 35. Let r = -53 - d. What are the prime factors of v(r)?
2, 3
What are the prime factors of 2/3 - ((-116488)/12 + 13)?
5, 7, 277
Let y(x) = -x**2 + 21*x - 11. Let a be y(19). Suppose -7470 = a*b - 36*b. What are the prime factors of b?
2, 5, 83
Let m(r) = r**2 + 7*r + 10. Let f be m(-7). Suppose -k + 25 = -4*p, k + f = -3*p - 7. Let l(n) = n**3 + 9*n**2 + 7*n + 1. What are the prime factors of l(p)?
67
Suppose 0 = 210*n - 214*n + 73352. List the prime factors of n.
2, 53, 173
List the prime factors of (-35 - 96)/(3/(-822)*1).
2, 131, 137
What are the prime factors of (41*70/1435)/(2/13055)?
5, 7, 373
Let z be 48/23 - (-12)/(-138). Let h(o) be the first derivative of 19*o**4/4 + 2*o**3/3 - 6*o + 2. What are the prime factors of h(z)?
2, 7, 11
List the prime factors of -5 - (-449914)/14 - (141/21 - 7).
2, 29, 277
Let w = 6596 + -4030. Suppose -w = -3*i - 3*d + 224, -i = 3*d - 932. List the prime factors of i.
929
Let f be (-3)/(10/(40/(-3))). Suppose 0 = f*n + 83 - 1195. What are the prime factors of n?
2, 139
Suppose -9*m = -4*f - 10*m + 50256, 2*f + 4*m - 25142 = 0. List the prime factors of f.
17, 739
Let m(v) = 135*v**2 - 6*v - 6. Let f be m(-1). Suppose -367 = -3*i + 2*p, -5*i - 4*p = -f - 506. List the prime factors of i.
5
Let n = 239801 + -169086. List the prime factors of n.
5, 14143
Let s(b) = b**3 - 5*b**2 - 35*b - 6. Let h be s(10). List the prime factors of (-1)/(27/(-1614)) + 32/h.
2, 3, 5
Let w = 12812 + -8132. What are the prime factors of w?
2, 3, 5, 13
Let a = 22352 - -1679. What are the prime factors of a?
7, 3433
Suppose 12*j - 22950 - 24630 = -6156. What are the prime factors of j?
2, 863
Suppose 7*m + 16644 = 61617 + 53342. List the prime factors of m.
5, 53
Let d = -815 + 819. List the prime factors of 5/170*d + (-103516)/(-119).
2, 3, 5, 29
Suppose 4*j = 7*r - 3*r - 38120, 28610 = 3*r + j. What are the prime factors of r?
5, 1907
Let y(z) = -35 + 6*z**2 - 35 - 3*z**2 + 171 + 20*z. What are the prime factors of y(-25)?
2, 3, 41
Let k = 63550 + -28783. What are the prime factors of k?
3, 3863
Suppose -3*o + 1461*s - 1462*s = -6893, -11505 = -5*o - 5*s. List the prime factors of o.
2, 7, 41
Let d = -4851 - -25942. List the prime factors of d.
7, 23, 131
Let u = 12585 + -7045. List the prime factors of u.
2, 5, 277
Suppose 0 = 4*j + 394 - 410, 5*z = 5*j + 159430. List the prime factors of z.
2, 3, 5, 1063
Suppose 392*y - 112 = 385*y. Let s(g) = -4*g**3 - 1. Let m be s(1). What are the prime factors of m/((-15)/(-6)) + y?
2, 7
Let a(o) = 447*o**2 + 12*o + 11. Let b(i) = 2*i**3 + 11*i**2 + 8*i + 14. Let x be b(-5). What are the prime factors of a(x)?
2, 223
Suppose 15*n - 7*n = 14*n - 46800. List the prime factors of n.
2, 3, 5, 13
Let n(l) = -l**3 + 10*l**2 + 13*l - 13. Suppose -4*s + 0 = -44. Let z be n(s). List the prime factors of ((-102)/(-8))/(z/12).
17
Let x = -55 + 116. Suppose x*g - 15 = 58*g. S